tors of r?
5, 7
What are the prime factors of 4 - 240/56 - 1696/(-7)?
2, 11
Let r(d) = -d**3 + 11*d**2 + 12*d + 2. Let l be r(12). Suppose 0 = 4*x - 12, 0 = w - x - x + l. Suppose -w*k = -k - 105. List the prime factors of k.
5, 7
Suppose -9 = -2*q - q. Suppose q*b + 2 = -4*g - 6, -3*g + 5 = 5*b. Suppose 0*j - 3*j - 64 = -b*x, 0 = -5*x + 2*j + 80. What are the prime factors of x?
2
Suppose 0 = 2*a + c - 227, 3*a + 2*a = 2*c + 554. Let k = 25 + a. What are the prime factors of k?
137
Let h = 0 - -4. Suppose 5*s = -2*l + 78 + 287, -h*l - 20 = 0. What are the prime factors of s?
3, 5
Let i = -4 - -7. Let n be i/(2*(-2)/(-12)). What are the prime factors of (-20)/(-3*6/n)?
2, 5
Suppose -2*x = -10 + 16. Let r be 0/x*(-5)/(-5). Suppose r = -4*s + 199 - 23. What are the prime factors of s?
2, 11
Suppose 15*u - 5*h - 915 = 11*u, 4*u = 4*h + 912. What are the prime factors of u?
3, 5
Let x = 33 - 60. What are the prime factors of -4*(5 + 4 + x)?
2, 3
Let v be -2 + -1 + 2 - -57. Suppose v - 4 = -4*r. Let z = r + 22. What are the prime factors of z?
3
Let b = 24 - 25. Let l be 6/(b/(14/(-4))). What are the prime factors of 2180/35 + (-6)/l?
2, 31
Suppose 8 = a + 3*a. Suppose 2*k - 2*z = -7*z + 16, -a*z = -4. List the prime factors of k.
3
Suppose -3*t - 1211 = 1213. What are the prime factors of (-4)/3 - t/12?
2, 3, 11
Let b(s) = -s**2 + 4. Let l be b(-5). Let y be (-6)/l + (-4)/14. Suppose 0 = -5*o + 5*j + 170, y = -3*o + 5*o - 3*j - 72. What are the prime factors of o?
2, 3, 5
Suppose 5*n + 3528 = 4*m, -3*n - 15 + 3 = 0. Suppose -4*q + o + 224 + m = 0, -o = -3. List the prime factors of q.
2, 3, 23
Let d be (1 + -2)*(-29 + 11). Let v = d - 15. Suppose 3*m - 2*c = 31, v*c + 4 - 68 = -4*m. List the prime factors of m.
13
Let m(i) = 2*i**3 - 35*i**2 + 17*i + 6. Let d be m(17). What are the prime factors of d + (-948)/(-4) - (0 - 1)?
2, 61
Let f be (0 + (-9)/(-4))/((-6)/(-1696)). Suppose -4*u - f = -5*s - u, -s + 2*u + 123 = 0. What are the prime factors of s?
3, 43
Suppose 4*s = -2*c - 1 - 5, c - 3*s = 12. Suppose -2*w - 2*o - c*o = -60, -2*w - 4*o = -60. What are the prime factors of (-1395)/w*(-8)/6?
2, 31
Let p = 158 + -116. What are the prime factors of p?
2, 3, 7
Let a(j) = -2*j**3 + 22*j**2 + 1. Let n be 10 - -3 - 18/6. What are the prime factors of a(n)?
3, 67
Suppose -2*y = 641 - 83. Let g = 393 + y. List the prime factors of g.
2, 3, 19
Let z(a) = 4*a**2 + 12*a - 324. What are the prime factors of z(15)?
2, 3, 7
Let k(r) be the first derivative of -5*r**2/2 + 71*r + 21. List the prime factors of k(13).
2, 3
Let x = -13 - -31. Let o = x + 13. Suppose n = -0*n + o. List the prime factors of n.
31
Let n(f) = -2*f + 22. Let l(w) = -w + 11. Let u(y) = -5*l(y) + 3*n(y). List the prime factors of u(6).
5
Suppose 0 = 4*j + 4*z - 48, -3*j + 2*j + 3*z + 24 = 0. Suppose 4*m - f = -5*f + 128, 3*f - j = 0. What are the prime factors of m?
3
Let b = 277 + -69. What are the prime factors of b?
2, 13
Let b(n) = -n - 5. Let c be b(-4). Suppose -5 = r - 2*m, 4*r + 7 = 2*m - 7. List the prime factors of (((-159)/c)/r)/(-1).
53
Let q = -724 + 381. Let h = -236 - q. What are the prime factors of h?
107
Suppose s = 2*j + 2867, 5*s + j - 1478 - 12835 = 0. What are the prime factors of s?
7, 409
Suppose 0 = -4*x + 4 + 8. Suppose -5*k + 15 = 0, 3*o + 2 = x*k - 1. Suppose 0 = 2*w + o*w - 8. What are the prime factors of w?
2
Suppose 6289 - 33265 = -8*y. What are the prime factors of y/24 + (-3)/(-2)?
2, 71
Let s(v) = 3*v**2 - 9. Let k(u) = -u**3 - 1. Let n be k(0). Let i be ((-4)/4)/(n/5). What are the prime factors of s(i)?
2, 3, 11
Suppose 3*h = -5*m + 3203, 4*h - 4284 = -11*m + 7*m. List the prime factors of h.
2, 269
Suppose -2359 = -13*c + 6*c. What are the prime factors of c?
337
Let o(r) = -r**3 + 5*r**2 + 6*r + 2. Let k be o(6). Suppose 0 = 2*a + k, -4*p - a = a - 94. What are the prime factors of p?
2, 3
Let t = -12 - 31. Let d = 8 + t. Let j = d + 73. List the prime factors of j.
2, 19
Let y = 30 + 82. Let w = -179 + y. Let z = w + 116. What are the prime factors of z?
7
Suppose 17*v - 25*v + 1544 = 0. List the prime factors of v.
193
Suppose 66*i - 71*i + 3725 = -2*o, i - 4*o - 763 = 0. List the prime factors of i.
743
Let t = -374 - -1246. What are the prime factors of t?
2, 109
Let w(b) = -5*b + 1. Let y be w(1). Let z be y/(-1) + (-91)/(-1). Suppose 5*n - l = 237, 0 = 5*n - 5*l - z - 150. What are the prime factors of n?
47
Suppose -1020 = -2*m - 5*y, -9*m + 1530 = -6*m - 3*y. List the prime factors of m.
2, 3, 5, 17
Let f = 51 + -42. Let q(j) = -j**2 + 23*j - 12. What are the prime factors of q(f)?
2, 3, 19
Let a = 1242 - 181. List the prime factors of a.
1061
Suppose -94 = 3*z - 2*z. Let o = z + 366. List the prime factors of o.
2, 17
Suppose 3*q - 283 = 149. Suppose 3*h - q - 84 = 0. List the prime factors of h.
2, 19
Suppose 0 = 4*t - 50 + 6. Let o(p) = -p**2 + 16*p + 36. List the prime factors of o(t).
7, 13
Let h = -254 + 773. What are the prime factors of h?
3, 173
Let n = -22 - -214. What are the prime factors of n?
2, 3
Suppose -15*l + 24*l - 1989 = 0. What are the prime factors of l?
13, 17
Suppose 8*l - 36 = 7*l. Suppose -9*t + l = -6*t. List the prime factors of t.
2, 3
Suppose 0 = -2*a - 3 + 7. Suppose 2*s - i = 3, -2*i + 7*i = s - 15. Suppose 5*m + g - 132 = 0, s = -3*m - a*g + 3*g + 76. What are the prime factors of m?
2, 13
Let v(q) = -9*q + 1. Let u be v(-1). Suppose 0 = -4*c - 53 + 245. Suppose 12*n - u*n - c = 0. List the prime factors of n.
2, 3
Let l be 44/(-6) + 12*3/27. Let y(r) be the first derivative of -3*r**2 - 3*r - 4. What are the prime factors of y(l)?
3, 11
Suppose 4*v + 2*l - 2845 = -3*v, 3*l = 15. What are the prime factors of v?
3, 5
What are the prime factors of (3 - 6)/((-3)/581)?
7, 83
Suppose 390*f - 6960 = 387*f. List the prime factors of f.
2, 5, 29
Let m be (1 - -31)*(-6)/(-8). Let h(d) = d**2 + 5*d - 16. Let z be h(-8). Suppose m = 4*q - 2*a, -3*a + a - z = 0. What are the prime factors of q?
2
Let o(t) = -32*t + 2. Let b be 40/6 - (-16)/12. Suppose -3*j - s + 0*s - b = 0, j + 3*s + 16 = 0. List the prime factors of o(j).
2, 17
Suppose -6*z + 5*z = -112. Let t = z - 69. What are the prime factors of t?
43
Let l be ((-48)/(-36))/((-2)/(-45)). Let n = -27 + l. Suppose -n*c + 128 = -c. List the prime factors of c.
2
Suppose 3*m = f - 12, m + 4 = -f + 5*f. Suppose 0*q + 4*q - 96 = f. Suppose 25*b = q*b + 3. What are the prime factors of b?
3
Let x(l) = 2*l**2 + 4*l + 3. Let z(b) = -b**3 - 7*b**2 + 2. Let h be z(-7). Suppose h*c - 2*p = 2*p, -5 = c + 3*p. What are the prime factors of x(c)?
3
Let x(t) = 4*t**2 - 13*t - 6. Suppose -3*v = -0*v - 21. List the prime factors of x(v).
3, 11
List the prime factors of -4 - ((-2)/3 - (-3170)/(-6)).
3, 5, 7
Let y = 23 + -32. Let z(b) = b**2 + 8*b - 1. What are the prime factors of z(y)?
2
Let u(p) = -142*p + 281. What are the prime factors of u(-5)?
991
Let f = -16 + 19. Suppose 2*p - f*x = 218, 5*p + 3*x - 418 = p. What are the prime factors of p?
2, 53
Suppose 2*t - 35 = 1787. List the prime factors of t.
911
Let y = -30 + 32. Suppose -y*v - 5*a + 64 = 0, 2*v + 2*a - 76 = -0*a. Let q = -6 + v. List the prime factors of q.
2, 3
Suppose -3*z - 2*z + 20 = 0, -4796 = -4*f + 5*z. List the prime factors of f.
2, 7, 43
Suppose 15*p = 12*p + 1197. Suppose -p = 4*o - 7*o. What are the prime factors of o?
7, 19
Suppose b = 2*r - 29, -7*r - 3*b = -2*r - 89. Let s(q) = 2*q**3 - 31*q**2 + 6. What are the prime factors of s(r)?
2, 131
Suppose -71*g = -54837 - 99304. List the prime factors of g.
13, 167
Let n be (6/(-4))/((-15)/40). Suppose 3*y - 50 = n*x, -4*y - 6 + 83 = 5*x. Let b = y + 5. What are the prime factors of b?
23
Suppose -4*j + 5*m + 17684 - 1213 = 0, -8219 = -2*j - 3*m. List the prime factors of j.
2, 11, 17
Let v = -30 + 26. Let q be (-2)/(-1) - v/4. List the prime factors of (108/10)/(q/15).
2, 3
Suppose 8*g + 13 + 43 = 0. Let q(j) = -j**3 - 6*j**2 - 8*j - 1. What are the prime factors of q(g)?
2, 13
Suppose -156*f + 144*f + 41280 = 0. List the prime factors of f.
2, 5, 43
Let q(b) = -41*b**3 - 2*b**2 - 11*b - 20. List the prime factors of q(-3).
2, 19, 29
Suppose 426 = -6*q + 354. Let y be 12*-1*10/(-3). Let r = q + y. What are the prime factors of r?
2, 7
Suppose -4*v + 